{"id":366,"date":"2016-04-14T09:28:00","date_gmt":"2016-04-14T08:28:00","guid":{"rendered":"http:\/\/judospartapraha.dev-null.cz\/?page_id=366"},"modified":"2023-02-10T13:36:16","modified_gmt":"2023-02-10T12:36:16","slug":"366-2","status":"publish","type":"page","link":"http:\/\/judospartapraha.dev-null.cz\/","title":{"rendered":""},"content":{"rendered":"<div class='pfpItem entry-content'><h2 class='entry-title'><a href='http:\/\/judospartapraha.dev-null.cz\/?p=1066'>Nov\u00fd za\u010d\u00e1tek<\/a><\/h2>\n<p>D\u011bkujeme v\u0161em z\u00fa\u010dastn\u011bn\u00fdm za pomoc se st\u011bhov\u00e1n\u00edm.<\/p>\n\n\n\n<p>Pravideln\u00e1 cvi\u010den\u00ed za\u010d\u00ednaj\u00ed v pond\u011bl\u00ed 15.9.2025 ve stejn\u00fdch \u010dasech. Sraz v 15.30 a v 16.45 p\u0159ed hlavn\u00edm vchodem Z\u0160 J\u00e1nsk\u00e9ho &#8211; v are\u00e1lu \u0161koly pod schodi\u0161t\u011bm \u017ee s\u00eddli\u0161t\u011b. D\u00e1le v\u017edy pond\u011bl\u00ed a st\u0159edy.<\/p>\n...<a href='http:\/\/judospartapraha.dev-null.cz\/?p=1066' class='pfpReadMore'>V\u00edce \u00bb<\/a><div class='clear'><\/div><hr><\/div><div class='pfpItem entry-content'><h2 class='entry-title'><a href='http:\/\/judospartapraha.dev-null.cz\/?p=1064'>St\u011bhov\u00e1n\u00ed - druh\u00e1 f\u00e1ze<\/a><\/h2>\n<p>Kdo m\u016f\u017ee a chce pomoci z\u00edtra, ve st\u0159edu 3.9., rovnat tatami, tak p\u0159ed hlavn\u00edm vchodem do Z\u0160 Jansk\u00e9ho v 16.00. Asi do 17.30.<\/p>\n...<a href='http:\/\/judospartapraha.dev-null.cz\/?p=1064' class='pfpReadMore'>V\u00edce \u00bb<\/a><div class='clear'><\/div><hr><\/div><div class='pfpItem entry-content'><h2 class='entry-title'><a href='http:\/\/judospartapraha.dev-null.cz\/?p=1062'>St\u011bhov\u00e1n\u00ed do nov\u00e9 t\u011blocvi\u010dny<\/a><\/h2>\n<p>V \u00fater\u00fd 2.9.2025 budeme od 15.00 st\u011bhovat judo ze Z\u0160 Klausova do Z\u0160 Jansk\u00e9ho. Pros\u00edme ka\u017ed\u00e9ho, kdo bude m\u00edt \u010das a chu\u0165 n\u00e1m pomoci, aby byl v pracovn\u00edm oble\u010den\u00ed v 15.00 p\u0159ed hlavn\u00edm vchodem do Z\u0160 Klausova. Pokl\u00e1d\u00e1n\u00ed tatami bude pokra\u010dovat ve st\u0159edu 3.9.2025 a v pond\u011bl\u00ed 8.9.2025 bychom r\u00e1di...<a href='http:\/\/judospartapraha.dev-null.cz\/?p=1062' class='pfpReadMore'>V\u00edce \u00bb<\/a><div class='clear'><\/div><hr><\/div><div class='pfpItem entry-content'><h2 class='entry-title'><a href='http:\/\/judospartapraha.dev-null.cz\/?p=1059'>Aktu\u00e1ln\u011b 6.5.2025<\/a><\/h2>\n<p>Ve st\u0159edu 7.5.2025 bude tr\u00e9nik prob\u00edhat jen od 15:30 do 16:45.<\/p>\n\n\n\n<p><\/p>\n...<a href='http:\/\/judospartapraha.dev-null.cz\/?p=1059' class='pfpReadMore'>V\u00edce \u00bb<\/a><div class='clear'><\/div><hr><\/div><div class='pfpItem entry-content'><h2 class='entry-title'><a href='http:\/\/judospartapraha.dev-null.cz\/?p=1056'>Aktu\u00e1ln\u011b 4.2.2025<\/a><\/h2>\n<p>Ve st\u0159edu 5.2. odpad\u00e1 z d\u016fvodu nemocnosti cvi\u010den\u00ed od 15.30. Star\u0161\u00ed za\u010d\u00e1te\u010dn\u00edci mohou p\u0159ij\u00edt na cvi\u010den\u00ed od 16.45 s pokro\u010dil\u00fdmi, kte\u0159\u00ed cvi\u010d\u00ed norm\u00e1ln\u011b.<br><\/p>\n\n\n\n<p>P\u0159\u00ed\u0161t\u00ed t\u00fdden necvi\u010d\u00edme a p\u0159ejeme kr\u00e1sn\u00e9 pr\u00e1zdniny!<\/p>\n...<a href='http:\/\/judospartapraha.dev-null.cz\/?p=1056' class='pfpReadMore'>V\u00edce \u00bb<\/a><div class='clear'><\/div><hr><\/div><span class='pfpNav'><a href=\"http:\/\/judospartapraha.dev-null.cz\/index.php?rest_route=%2Fwp%2Fv2%2Fpages%2F366&#038;paged=2\" >Older Entries &raquo; <\/a><\/span>\n","protected":false},"excerpt":{"rendered":"","protected":false},"author":1,"featured_media":0,"parent":0,"menu_order":0,"comment_status":"closed","ping_status":"closed","template":"","meta":{"footnotes":""},"_links":{"self":[{"href":"http:\/\/judospartapraha.dev-null.cz\/index.php?rest_route=\/wp\/v2\/pages\/366"}],"collection":[{"href":"http:\/\/judospartapraha.dev-null.cz\/index.php?rest_route=\/wp\/v2\/pages"}],"about":[{"href":"http:\/\/judospartapraha.dev-null.cz\/index.php?rest_route=\/wp\/v2\/types\/page"}],"author":[{"embeddable":true,"href":"http:\/\/judospartapraha.dev-null.cz\/index.php?rest_route=\/wp\/v2\/users\/1"}],"replies":[{"embeddable":true,"href":"http:\/\/judospartapraha.dev-null.cz\/index.php?rest_route=%2Fwp%2Fv2%2Fcomments&post=366"}],"version-history":[{"count":15,"href":"http:\/\/judospartapraha.dev-null.cz\/index.php?rest_route=\/wp\/v2\/pages\/366\/revisions"}],"predecessor-version":[{"id":969,"href":"http:\/\/judospartapraha.dev-null.cz\/index.php?rest_route=\/wp\/v2\/pages\/366\/revisions\/969"}],"wp:attachment":[{"href":"http:\/\/judospartapraha.dev-null.cz\/index.php?rest_route=%2Fwp%2Fv2%2Fmedia&parent=366"}],"curies":[{"name":"wp","href":"https:\/\/api.w.org\/{rel}","templated":true}]}}